= 2*k - 2*n. Let r(s) = -5*s**2 - 9*s - 5. Let u(m) = k*r(m) - 4*f(m). Is 5 a factor of u(-6)?
False
Let f be 2/(-8) - (-67)/(-4). Let x be ((-5)/4)/(-3 - (-236)/80). Let y = x + f. Is y a multiple of 4?
True
Suppose 0*m + 5*m - 5 = -4*u, 2*m - 2 = 0. Suppose u = -4*z - 3 + 11. Suppose z*f - 58 = -4*g, 2*g = g + 4*f + 28. Is g a multiple of 6?
False
Is ((-399)/9)/((-7)/21) a multiple of 19?
True
Suppose a - 3*l - 14 = 0, l + 12 = -4*a - 4*l. Let d be ((-3)/a)/(5/(-10)). Suppose 2*h - 69 = -h + 3*k, -d*k = 3. Is h a multiple of 18?
False
Let g = -12 + 26. Suppose -9*l = -g*l + 250. Is l a multiple of 14?
False
Let z(l) = l**2 + 2*l + 1. Let i be z(-2). Suppose 9 + i = u. Does 10 divide u?
True
Let y be 12/2 - (0 - -1). Suppose -20 = -3*q - y. Suppose -3*b + 3*g + 34 = 4*g, q*g = -10. Does 12 divide b?
True
Suppose -i = 3*u - 112, 2*u + 42 = i - 70. Is i a multiple of 16?
True
Let h(d) = 12*d. Suppose 9*v = 4*v + 10. Is 8 a factor of h(v)?
True
Suppose 0 = 3*c + 3*b - 240, -b - 34 = -c + 38. Suppose -5*g + 83 = s, 4*g - c = -s - 9. Does 12 divide g?
False
Let l(k) = 2*k**3 - 2*k**2 + 8*k - 22. Does 19 divide l(3)?
True
Suppose 0 = -3*n + 9, 5*n - 10 - 5 = -5*j. Let w = 1 + -1. Does 2 divide (6 - w)/1 - j?
True
Let f = -103 - -187. Is f a multiple of 26?
False
Let o = 57 + -37. Let w = o + 3. Is w a multiple of 6?
False
Let z be -1 + (1*-2 - -5). Suppose -z*q = -3*q + 7. Is 14 a factor of q*1*(1 + 2)?
False
Let i(c) = -c + 50. Does 23 divide i(27)?
True
Let o be (6/(-15))/(3/45). Let y = 10 + o. Does 11 divide -2 + y + -2 + 23?
False
Let a = 60 - 41. Does 19 divide a?
True
Suppose 72 + 269 = 3*b + 5*q, 127 = b + 5*q. Is b a multiple of 16?
False
Let k(l) = l**3 - 10*l**2 - 11*l + 13. Let t be k(11). Suppose 38 = 5*v + t. Is v a multiple of 3?
False
Let s(g) = -g**3 + 15*g**2 - 6*g - 6. Is s(14) a multiple of 10?
False
Suppose 0 = 5*k - k - 140. Does 7 divide k?
True
Let u be 2 + (-1 - -5) + -3. Suppose -2*x = -3*q - 94, 5*q - 216 = -5*x + u*q. Does 13 divide x?
False
Suppose x = 37 + 13. Is x a multiple of 25?
True
Is (-9)/(-1) + 0/(-4) a multiple of 2?
False
Let p(h) be the third derivative of -h**4/24 - h**3/6 + h**2. Let i(d) = -2*d + 13. Let z(g) = i(g) - 3*p(g). Is 8 a factor of z(0)?
True
Let l(g) = g**3 + 11*g**2 - 30*g - 7. Is l(-13) a multiple of 10?
False
Let v = -98 - -179. Is v a multiple of 27?
True
Suppose 65 + 50 = 5*z - 5*t, 3*t = -5*z + 115. Let d = z - 4. Is d a multiple of 19?
True
Let r(p) = -5*p. Let x be r(3). Does 8 divide (-90)/(-4)*(-12)/x?
False
Suppose 11*o = 318 + 1794. Does 32 divide o?
True
Suppose -72 = -4*i + 5*w, -w + 12 = -4*w. Does 4 divide i?
False
Is (28/(-28))/((-1)/148) a multiple of 21?
False
Let v = 3 - 5. Let j(a) = 3*a**2 - 1. Let g be j(v). Suppose 0 = 5*z - g - 24. Is 2 a factor of z?
False
Let c(p) = 2*p**3 - p**2 - 7*p + 5. Let d(g) = -g**3 - g**2. Let j(z) = c(z) + d(z). Is 9 a factor of j(4)?
True
Let v(n) = -25*n - 3. Let z(x) = -12*x - 1. Let i(r) = 2*v(r) - 5*z(r). Let a be (1 - 0)*(0 - -1). Is i(a) a multiple of 9?
True
Let w(r) = r - 1. Let d be w(0). Does 6 divide 18 + (6/(-3) - d)?
False
Let r = -68 - -177. Suppose 4*v = -y + 115, 3*y - r = -4*v + 4*y. Is 14 a factor of v?
True
Let j(h) = 3*h**3 + 18*h**2 - 24*h - 11. Let v(o) = -o**3 - 6*o**2 + 8*o + 4. Let u(l) = 3*j(l) + 8*v(l). Does 3 divide u(-7)?
True
Let b = 43 + -23. Suppose -7*c = -2*c - b. Does 4 divide c?
True
Suppose 3 + 17 = 4*b + 4*a, 2*a + 10 = 3*b. Let q be (b + 2)/(4/(-10)). Let r = q - -31. Is r a multiple of 6?
False
Let l be (-236)/(-17) + (-28)/(-238). Let r = -7 + 10. Suppose -r*p + 77 - l = -3*m, 0 = 2*p + m - 39. Does 9 divide p?
False
Let z be ((-4)/(-6))/((-1)/(-138)). Suppose z = -5*k + 347. Does 16 divide k?
False
Let h be 29/4 + 9/12. Let c = h + -4. Suppose c = -z + 11. Does 4 divide z?
False
Suppose -h - 19 = -5*v, 4*h = 4*v - 0*h - 12. Suppose 6 + v = -5*k. Does 5 divide (-6)/(((-12)/(-9))/k)?
False
Is 21 a factor of 0/4 - -28*1?
False
Suppose -b + 152 = 3*b. Suppose -2*g = -g - b. Is g a multiple of 19?
True
Let k be (-1)/((2 - 3)/(-1)). Let y be (0/k)/(4/(-2)). Let z(j) = j**3 - j**2 + j + 10. Does 10 divide z(y)?
True
Let w(o) = -5*o**3 - 2*o**2 + 3*o. Let f(d) = -11 + 4*d**3 - 2*d + 11 + 2*d**2. Let t(h) = -3*f(h) - 2*w(h). Is t(-3) a multiple of 12?
True
Suppose 2*f - 448 = 2*d - 7*d, 4*f - 924 = -3*d. Is f a multiple of 18?
True
Does 3 divide 118/8 - (-1)/4?
True
Let v = -221 - -323. Is 39 a factor of v?
False
Let a(c) be the first derivative of -c**4/4 + 2*c**3/3 + 3*c**2/2 + 4*c - 3. Does 4 divide a(3)?
True
Let q(a) = 3*a**2 - 1. Let m be q(-1). Suppose 2*b + p - 10 = 0, -3*p = m*b + 3*b - 25. Let c = b - -5. Is c a multiple of 4?
False
Let s = 19 + -17. Does 5 divide 4 + 2 + (s - -7)?
True
Let n(l) = -4*l - 3. Suppose -4*k + m = -15, -5*k + 5 = -0*k - 4*m. Suppose 11 = -k*b + 1. Is 5 a factor of n(b)?
True
Let h(m) = 4*m**2 - 4*m + 4. Let r be h(3). Suppose 4*d + 8 = -2*c, 2*d + 2*d = 3*c - 18. Let v = d + r. Is v a multiple of 16?
False
Let i = 21 + -10. Suppose -2*j + 13 + i = 0. Is 7 a factor of j?
False
Suppose -q = -5*q + 168. Is q a multiple of 11?
False
Let d(h) = -h**2 - 3*h - 12. Let j be d(-7). Is (-30)/j - (-45)/4 a multiple of 12?
True
Suppose 47 = 5*g + 17. Suppose t = -t + g. Is t a multiple of 2?
False
Let s be (-12)/(-10) + (-2)/10. Let n = s - 0. Does 10 divide (n - 2) + 1 + 26?
False
Let u = 5 - 1. Suppose 4*n + 4*k - 248 = 0, n + u*k + 292 = 6*n. Suppose -25 = -2*g + 7*g, 0 = 5*c - 5*g - n. Is c a multiple of 7?
True
Suppose 5*t - 4*p = 20, 5*p - 13 = -3*t - 1. Suppose t*s - 6*s = -70. Does 16 divide s?
False
Suppose 0 = 7*a - 3*a - 16. Suppose -a*w + w = -18. Is w a multiple of 6?
True
Let d(s) = -5 + 0*s**2 + 7 - 6*s**2 - 4*s - 2*s**3. Does 13 divide d(-4)?
False
Let d(s) = -s**3 - 5*s**2 + 2*s + 4. Let h be d(-5). Is (-2)/(-3)*(-477)/h a multiple of 15?
False
Let t = 423 + -168. Is t a multiple of 15?
True
Let d be (-1016)/(-30) + (-8)/(-60). Let k = -20 + d. Is k a multiple of 14?
True
Let t(i) = i**3 - 7*i**2 - 4*i - 10. Let a be t(7). Let l = -2 - a. Suppose -2*u + 0*u = -l. Is 9 a factor of u?
True
Let g be -6 + 3 + (1 - -5). Suppose -g*z - 120 = -8*z. Is 12 a factor of z?
True
Let z(b) = 2*b - 3. Let l be z(4). Suppose 0*m - 2*u = m - 36, l*m + 3*u - 173 = 0. Does 17 divide m?
True
Let a = 6 - -3. Suppose -y = 2*y + a. Let o = -1 - y. Is 2 a factor of o?
True
Let d = 366 + -226. Does 11 divide ((-8)/(-10))/(4/d)?
False
Let b(l) = l - 1. Suppose 9 = -o + 4*o. Let t(q) = 3*q - 4. Let d be t(o). Is b(d) a multiple of 2?
True
Let r(g) = g - 4. Let d be r(8). Suppose -6*t + 3*t + 9 = 0. Suppose 5*b + 2*u - 34 = 0, -d*b + 8 = -t*b + u. Is b a multiple of 3?
True
Let v(m) = m**2 + 9*m - 15. Let s be v(-11). Let d(a) = 2*a**2 - 9*a - 2. Does 11 divide d(s)?
True
Let b = -7 - -11. Suppose 3*x - b*x + 2 = q, 4*q = 0. Suppose 5*f + x*s = 130, -2*f - s = s - 46. Does 8 divide f?
False
Let m(z) = -z**3 - 11*z**2 + 8*z + 7. Does 11 divide m(-12)?
True
Let j be ((-9)/6)/(15/(-50)). Suppose -3*z = j - 38. Is z a multiple of 11?
True
Suppose 5*n - j = -270, 5*n - 5*j + 30 = 4*n. Let r(v) = 84*v**3 + 2*v**2 + v. Let f be r(-1). Let z = n - f. Does 10 divide z?
False
Let c = 33 - -28. Suppose -45 - c = -2*l. Does 22 divide l?
False
Suppose 0*r - 5*r - 3*w = -83, -5*w - 96 = -4*r. Is 2 a factor of r?
False
Is ((-12)/(-16)*-10)/(5/(-90)) a multiple of 45?
True
Let z be ((-9)/(-3) + 46)*-1. Let i be 14/z + 107/7. Is (-47)/(-3) + 5/i a multiple of 12?
False
Let n be 352/36 - (-4)/18. Does 22 divide 440/12*12/n?
True
Suppose -4*j - j = -55. Is j a multiple of 4?
False
Suppose 2*h + 330 = 4*l, 0*h = l + 2*h - 85. Is 7 a factor of l?
False
Let h(q) = 7*q - 2. Let m be h(1). Suppose 9*w = m*w + 72. Does 4 divide w?
False
Let k = 9 - 8. Let o be ((-2)/6*0)/k. Is 4 a factor of (o - (-12 + 0)) + -2?
False
Let l(m) be the second derivative of -m**4/12 - 3*m**3/2 - 6*m**2 - m. Let j be l(-8). Let t(v) = -v**3 - 2*v**2 + 6*v + 5. Does 13 divide t(j)?
True
Let s = 26 - 14. Suppose -s = 3*l - 4*l. Does 6 divide l?
True
Let g = -3 - -5. Let m(i) = 6*i + 4 - 4 + 1 + 1. Does 14 divide m(g)?
True
Suppose 0 = 6*x - x, 2*x = -4*t + 12. Suppose d + z = 7, -d - t*z = 2 - 11. Suppose 0 = 2*g - 18 - d. Is 7 a fac